Let w(x) = -8*x**3 + 6*x**2 - 2*x - 21. What is the tens digit of w(a)?
5
What is the units digit of 2624 + (-465)/45 + 5/(-3)?
2
Suppose -5*c + 1540 = 3*q, -42*c = 5*q - 45*c - 2646. What is the units digit of q?
5
Suppose -4*d + 1071 = -d. Let m = -116 + 127. Suppose -4*l - d = -m*l. What is the tens digit of l?
5
Suppose 4*t - 24 = -4*k, 4*k + 77*t - 79*t = 54. Suppose -4*r = -3*u - 4223, 0 = -k*r + 13*r + 2*u - 2122. What is the tens digit of r?
5
Suppose -14*j + 23*j - 756 = 0. Let q = j + -27. What is the units digit of q?
7
Suppose 3852 = 2*a - 240*r + 239*r, -4*a = -r - 7704. Let k(u) = -4*u - 3. Let o be k(-6). What is the tens digit of a/o + 4/14?
9
Let r = -111 + 1351. What is the hundreds digit of (r/(-14))/(94/(-329))?
3
Let h(m) = m**2. Let i(w) be the second derivative of 5*w**4/12 + 4*w**3 + 2*w**2 + 2*w. Let p(a) = -6*h(a) + i(a). What is the tens digit of p(14)?
4
Let g(d) = -2*d + 16. Let m be g(10). Let q be 8 - m*4/(-4). Suppose x = -3*i + 36 + 6, q*x - 3 = -i. What is the units digit of i?
5
Let x = 144177 - 75614. What is the tens digit of x?
6
Let t be (-2)/(-1)*(24 + 617). What is the units digit of ((-45)/(-10))/3*t/3?
1
Let j(g) = -g**3 - 4*g**2 + g - 17. Let q be j(-5). Let c(h) = h**3 - 2*h**2 - 2*h - 5. Let v be c(4). Suppose -q*z - 10 = -v. What is the units digit of z?
3
Let z(g) = g**2 + 15*g - 4. Let c be z(-17). Suppose 0 = 113*n - 110*n - 162. Let k = n - c. What is the units digit of k?
4
Suppose 14*z = 40084 + 34760. What is the tens digit of z?
4
Let h be (8/5)/((-648)/(-80) - 8). Suppose 4*k = -h, -k - 7 + 0 = -x. Suppose 5*r - 182 = x*r. What is the tens digit of r?
9
Let g(c) = -c**3 + 3*c**3 + 20*c + 36*c**2 - 14 - 43*c**2. What is the hundreds digit of g(7)?
4
Suppose 3*t + 3 = u, 0*u + 3*u + 5*t = -19. Let h(w) = -9*w**3 + 6*w**2 + 9*w + 7. What is the tens digit of h(u)?
7
Suppose -4*i - 2*p = -134, -4*p + 7 = 3*i - 101. Suppose -i - 74 = -2*s. What is the units digit of s?
3
Let k(s) = 55*s - 3. Let z be k(5). Suppose -3*i + z = n, 24 + 1288 = 5*n + 3*i. What is the units digit of n?
0
Let r(g) = -6*g**3 + 2*g**2 - 4*g - 973. Let q(p) = 7*p**3 - 2*p**2 + 5*p + 973. Let d(k) = -5*q(k) - 6*r(k). What is the hundreds digit of d(0)?
9
Let q(b) = 385*b - 721. Let l(r) = 77*r - 144. Let v(o) = -21*l(o) + 4*q(o). What is the tens digit of v(-8)?
5
Let i(w) = -w**2 - 59*w - 50. Let f be i(-32). Let z = 1260 - f. What is the hundreds digit of z?
4
Suppose -14*t + 56240 = -93644 + 13160. What is the tens digit of t?
6
Let t = 1995 + -2062. Let a = 261 - 435. Let u = t - a. What is the units digit of u?
7
Suppose 8*y - 33 = -33. Suppose -25*i = -23*i + 3*r - 35, 3*i - 5*r - 43 = y. What is the tens digit of i?
1
Let q = 29 - 19. Let h be (q - 14)*(9 + -1). What is the units digit of 4/(-32)*18*h?
2
Suppose 3*h - 111921 = -4*l, 2*l = 5*h + 43034 + 12907. What is the units digit of l?
8
Suppose 43 = -4*w - 81. Let u = w + 17. Let g = u + 16. What is the units digit of g?
2
Let b = 16513 + -8033. Suppose 21*t - 23*t - 2*j = -3372, 5*t - 5*j = b. What is the thousands digit of t?
1
Suppose -4*a = 2*v + 602, -3*v - 4*a = 942 - 41. Let x = -130 - v. What is the tens digit of x?
6
What is the hundreds digit of ((-128)/(-96))/(2 - 41412/20709)?
6
Let f(j) = -j - 1. Let r(o) = -3*o + 8. Let q(z) = -2*f(z) + r(z). Let v be q(10). Suppose -7*g + 208 + 100 = v. What is the units digit of g?
4
Let m be ((-8)/(48/9))/(3/8). Let p be (-4 + 1 - m)*-27. Let d = p + 116. What is the tens digit of d?
8
Suppose 0 = 676*r - 683*r + 426461. What is the hundreds digit of r?
9
Let y(o) be the second derivative of o**4/4 - 17*o**3/6 + 11*o**2/2 + 35*o. Let f be y(9). Let t = f + -62. What is the units digit of t?
9
Let w(h) = h**3 + 3*h**2 + 6*h + 26. Let i be w(-3). Suppose i*d = -30 + 5510. What is the tens digit of d?
8
Let j be 0 - 9 - (-4)/1. Let b(v) be the second derivative of v**5/20 + 5*v**4/12 - 5*v**3/6 - 5*v**2 - 2*v. What is the units digit of b(j)?
5
Let k(h) = -5*h**3 + 5*h**2 - h - 24. Let c(p) = -p**3 + 10*p - 8. Let d be c(3). What is the tens digit of k(d)?
3
Suppose p = 5, 5*x - 88855 = 5*p + 137205. What is the hundreds digit of x?
2
Let k(x) = -6*x + 67. Let n be (32/(-28))/((-3)/21). What is the units digit of k(n)?
9
Suppose 2687*y - 2690*y + 6114 = 0. What is the units digit of y?
8
Suppose 2*o = 6, l - 2*o = 3383 + 3144. What is the thousands digit of l?
6
Suppose 7535 = 5*a - 105. Suppose 0 = -10*z + 2*z + a. What is the tens digit of z?
9
Let g(z) = z**2 - 78*z - 1067. What is the tens digit of g(-32)?
5
Let f = -667 + -74. Let q = f - -1386. What is the units digit of q?
5
Suppose -c - 70615 = -4*n, -59*n + 61*n = 2*c + 35306. What is the thousands digit of n?
7
Suppose -q = 4*q - 2*k + 253, -q - 41 = 2*k. Let p = 48 + q. Let g(t) = 104*t**2 - 5*t - 4. What is the tens digit of g(p)?
0
Suppose 5*u - 15 = 0, 3*u = 4*q - 0*u - 19. Suppose -5*w - 18 = 4*y - 31, -2*w + 4 = y. Suppose -y*g + q*g = 465. What is the units digit of g?
3
Let t = 100242 - 56593. What is the ten thousands digit of t?
4
Let g(y) = -1728*y + 2241. What is the tens digit of g(-10)?
2
What is the units digit of (-8)/(-5) + -17 + 15 + 188766/90?
7
Suppose 5*d - 1 = -1. Suppose -3*s + 32 = 5*r + 3, d = -5*s + 15. Suppose 6*y = 8*y - z - 168, r*y - 4*z = 344. What is the units digit of y?
2
What is the tens digit of 1/(-13 + (-2879928)/(-221532))?
6
Let o = 1258 + 26154. What is the ten thousands digit of o?
2
Let m be (-8 + 6 + 1)*-1*39. What is the units digit of (m/(-26))/(3/(-798))?
9
Let v be (114/18 + -6)*-6. Let z be -2 - -2 - (1 + 3). What is the units digit of (v/z)/(2/28)?
7
Let u = 28 + -32. Let s = 22 + u. Let y = s + -14. What is the units digit of y?
4
Let c = -40 + 40. Suppose q - 50 = -c*y + y, 0 = -2*q + y + 99. Let b = q - 17. What is the units digit of b?
2
Suppose -11*q = -6*q - 35. Let s(h) = 2*h + 7*h + 3*h**2 - 2*h - q + 0*h. What is the tens digit of s(4)?
6
Suppose 129 = -2*a - 51. Let s = a - -90. Suppose -x + w = -113, s = -4*x - 7*w + 4*w + 452. What is the units digit of x?
3
Let t = 1620 + -1612. Let b = 8 + -6. Suppose -4*p + t = -b*p. What is the units digit of p?
4
Let r(g) = -2*g**3 + 5*g**3 - 89 - g**3 - 3*g**3 - 502*g**2 + 458*g**2 + 33*g. What is the hundreds digit of r(-45)?
4
Let w be ((-81)/(-2))/((-2)/(-88)). Suppose 2*x - 26 = -3*b, 0 = 3*b + x + 86 - 117. Suppose b*v - w = v. What is the hundreds digit of v?
1
What is the units digit of ((-347300)/(-690))/((-4)/(-246))?
5
Suppose -29*t = 41*t - 286510. What is the units digit of t?
3
Let p be (-6)/(-27) + (-1608)/(-54). What is the hundreds digit of (552/p)/((-8)/(-160))?
3
Suppose 11*v = 2*v + 18. Suppose 3*r + v*g - 1517 = 0, 4*r = 2*g - 3*g + 2016. What is the units digit of r?
3
Suppose u + 29 + 23 = 3*p, 0 = 5*p - 20. Let k = -16 - u. What is the units digit of (1140/k)/(1/2)?
5
Let i(f) = 28*f - 7. Let n(t) = 28*t - 6. Let q(b) = 4*i(b) - 6*n(b). Let s be q(-3). Let m = -103 + s. What is the tens digit of m?
7
Let i be (5 - (-4 + -39))*4/8. What is the units digit of (56/16)/(3/i)?
8
Let p be (-1)/(2/(-27))*-2. Let q(j) = 207*j + 1395. Let c be q(-7). Let a = p - c. What is the units digit of a?
7
Let x = -1326 - -1862. What is the hundreds digit of x - ((-20)/(-5))/(-2)?
5
Let j be -352 + (-4 - (-14 + 4)). Suppose 9*d - 7*d + 96 = 0. Let m = d - j. What is the units digit of m?
8
Let h = 1519 + -658. Suppose 0 = h*f - 862*f + 820. What is the hundreds digit of f?
8
Suppose 4*o + w - 33 + 12 = 0, 2*w = 2. Suppose -2*c + o*c - 1074 = 0. What is the units digit of c?
8
Suppose -53*o = -368546 - 512420. What is the ten thousands digit of o?
1
Let m(i) = i**2 - 9*i - 20. Let n be m(11). Suppose -4*y + q = -22, n*y + q = -4*q. Suppose 4*d = 2*l + 242, -d - y = -5*l - 43. What is the tens digit of d?
6
Suppose 2*p + 2571 = 3*c + 3*p, 3*c - 3*p = 2559. Suppose 3*m = 515 + c. What is the hundreds digit of m?
4
Let i(t) = 4*t**2 - 16*t - 18. Let x be i(6). What is the hundreds digit of (24*(-35)/(-21))/(4/x)?
3
Let y = 28424 - 11498. What is the hundreds digit of y?
9
Let i be ((-175)/70)/(2 + 5/(-2)). Suppose 0 = 2*f + 2*f + 3*o - 4122, i*f - 5152 = -4*o. What is the hundreds digit of f?
0
Suppose 8 = -4*s, -14*l + 13*l + 2*s + 7 = 0. Suppose 